{"id":67,"date":"2020-04-22T00:13:55","date_gmt":"2020-04-21T22:13:55","guid":{"rendered":"http:\/\/serwer1601727.home.pl\/autoinstalator\/wordpressplugins1\/?page_id=67"},"modified":"2020-04-28T12:41:44","modified_gmt":"2020-04-28T10:41:44","slug":"zapora","status":"publish","type":"page","link":"https:\/\/www.stowarzyszeniekanonistow.pl\/index.php\/zapora\/","title":{"rendered":"Zapora ghostwriting"},"content":{"rendered":"\t\t<div data-elementor-type=\"wp-page\" data-elementor-id=\"67\" class=\"elementor elementor-67\" data-elementor-post-type=\"page\">\n\t\t\t\t\t\t<section class=\"elementor-section elementor-top-section elementor-element elementor-element-358877b elementor-section-boxed elementor-section-height-default elementor-section-height-default\" data-id=\"358877b\" data-element_type=\"section\" data-settings=\"{&quot;_ha_eqh_enable&quot;:false}\">\n\t\t\t\t\t\t<div class=\"elementor-container elementor-column-gap-default\">\n\t\t\t\t\t<div class=\"elementor-column elementor-col-100 elementor-top-column elementor-element elementor-element-939df77\" data-id=\"939df77\" data-element_type=\"column\">\n\t\t\t<div class=\"elementor-widget-wrap elementor-element-populated\">\n\t\t\t\t\t\t<div class=\"elementor-element elementor-element-3b4d4ab elementor-widget elementor-widget-text-editor\" data-id=\"3b4d4ab\" data-element_type=\"widget\" data-widget_type=\"text-editor.default\">\n\t\t\t\t<div class=\"elementor-widget-container\">\n\t\t\t\t\t\t\t<h5 style=\"text-align: center;\"><span style=\"color: #993366;\">Redakcja czasopisma \u201eBiuletyn Stowarzyszenia Kanonist\u00f3w Polskich\u201d, dbaj\u0105c o najwy\u017cszy stopie\u0144 rzetelno\u015bci naukowej czasopisma, realizuje zalecenia Ministerstwa Nauki i Szkolnictwa Wy\u017cszego dotycz\u0105ce ochrony przed \u201eghostwriting\u201d i \u201eguest authorship\u201d.<\/span><\/h5><p style=\"text-align: center;\"><span style=\"color: #666699;\"><strong><em>Wytyczne Ministerstwa Nauki i Szkolnictwa Wy\u017cszego <br \/>dotycz\u0105ce \u201eghostwriting\u201d i \u201eguest authorship\u201d<\/em><\/strong><\/span><\/p><p><span style=\"color: #000000;\"><strong>Rzetelno\u015b\u0107 w nauce stanowi jeden z jej jako\u015bciowych fundament\u00f3w<\/strong>. Czytelnicy powinni mie\u0107 pewno\u015b\u0107, i\u017c autorzy publikacji w spos\u00f3b przejrzysty, rzetelny i uczciwy prezentuj\u0105 rezultaty swojej pracy, niezale\u017cnie od tego, czy s\u0105 jej bezpo\u015brednimi autorami, czy te\u017c korzystali z pomocy wyspecjalizowanego podmiotu (osoby fizycznej lub prawnej). Dowodem etycznej postawy pracownika naukowego oraz najwy\u017cszych standard\u00f3w redakcyjnych powinna by\u0107 jawno\u015b\u0107 informacji o podmiotach przyczyniaj\u0105cych si\u0119 do powstania publikacji (wk\u0142ad merytoryczny, rzeczowy, finansowy etc.), co jest przejawem nie tylko dobrych obyczaj\u00f3w, ale tak\u017ce spo\u0142ecznej odpowiedzialno\u015bci. Przyk\u0142adami przeciwstawnymi s\u0105 \u201eghostwriting\u201d i \u201eguest authorship\u201d.<\/span><\/p><p><span style=\"color: #000000;\">Z <span style=\"color: #800080;\"><strong>\u201eghostwriting\u201d<\/strong><\/span> mamy do czynienia w\u00f3wczas, gdy kto\u015b wni\u00f3s\u0142 istotny wk\u0142ad w powstanie\u00a0publikacji, bez ujawnienia swojego udzia\u0142u jako jeden z autor\u00f3w lub bez wymienienia jego\u00a0roli w podzi\u0119kowaniach zamieszczonych w publikacji.<\/span><\/p><p><span style=\"color: #000000;\">Z <strong><span style=\"color: #800080;\">\u201eguest authorship\u201d<\/span> <\/strong>(\u201ehonorary authorship\u201d) mamy do czynienia w\u00f3wczas, gdy udzia\u0142 autora jest znikomy lub w og\u00f3le nie mia\u0142 miejsca, a pomimo to jest autorem\/wsp\u00f3\u0142autorem publikacji.<\/span><\/p><p><span style=\"color: #000000;\"><strong>Aby przeciwdzia\u0142a\u0107 przypadkom \u201eghostwriting\u201d, \u201eguest authorship\u201d Redakcja rocznika &#8220;Biuletyn Stowarzyszenia Kanonist\u00f3w Polskich&#8221; wprowadzi\u0142a odpowiednie procedury odpowiednie dla dyscyplin: nauki prawne i prawo kanoniczne oraz <\/strong>wdro\u017cy\u0142a poni\u017csze rozwi\u0105zania:<\/span><\/p><ol><li><span style=\"color: #000000;\">Redakcja wymaga od Autor\u00f3w publikacji ujawnienia wk\u0142adu poszczeg\u00f3lnych autor\u00f3w w powstanie publikacji (z podaniem ich afiliacji oraz kontrybucji, tj. informacji kto jest autorem koncepcji, za\u0142o\u017ce\u0144, metod, protoko\u0142u itp. wykorzystywanych przy przygotowaniu publikacji), przy czym g\u0142\u00f3wn\u0105 odpowiedzialno\u015b\u0107 ponosi Autor zg\u0142aszaj\u0105cy manuskrypt.<\/span><\/li><li><span style=\"color: #000000;\">Redakcja wyja\u015bnia w \u201eInformacjach dla Autor\u00f3w\u201d, \u017ce \u201eghostwriting\u201d, \u201eguest authorship\u201d s\u0105 przejawem nierzetelno\u015bci naukowej, a wszelkie wykryte przypadki b\u0119d\u0105 demaskowane, w\u0142\u0105cznie z powiadomieniem odpowiednich podmiot\u00f3w (instytucje zatrudniaj\u0105ce autor\u00f3w, towarzystwa naukowe, stowarzyszenia edytor\u00f3w naukowych itp.).<\/span><\/li><li><span style=\"color: #000000;\">Redakcja uzyskuje informacj\u0119 o \u017ar\u00f3d\u0142ach finansowania publikacji, wk\u0142adzie instytucji naukowo-badawczych, stowarzysze\u0144 i innych podmiot\u00f3w (\u201efinancial disclosure\u201d).<\/span><\/li><li><span style=\"color: #000000;\">Redakcja dokumentuje wszelkie przejawy nierzetelno\u015bci naukowej, zw\u0142aszcza \u0142amania i naruszania zasad etyki obowi\u0105zuj\u0105cych w nauce.<\/span><\/li><\/ol>\t\t\t\t\t\t<\/div>\n\t\t\t\t<\/div>\n\t\t\t\t\t<\/div>\n\t\t<\/div>\n\t\t\t\t\t<\/div>\n\t\t<\/section>\n\t\t\t\t<\/div>\n\t\t","protected":false},"excerpt":{"rendered":"<p>Redakcja czasopisma \u201eBiuletyn Stowarzyszenia Kanonist\u00f3w Polskich\u201d, dbaj\u0105c o najwy\u017cszy stopie\u0144 rzetelno\u015bci naukowej czasopisma, realizuje zalecenia Ministerstwa Nauki i Szkolnictwa Wy\u017cszego dotycz\u0105ce ochrony przed \u201eghostwriting\u201d i \u201eguest authorship\u201d. Wytyczne Ministerstwa Nauki i Szkolnictwa Wy\u017cszego dotycz\u0105ce \u201eghostwriting\u201d i \u201eguest authorship\u201d Rzetelno\u015b\u0107 w nauce stanowi jeden z jej jako\u015bciowych fundament\u00f3w. Czytelnicy powinni mie\u0107 pewno\u015b\u0107, i\u017c autorzy publikacji w spos\u00f3b przejrzysty, rzetelny\u2026 <span class=\"read-more\"><a href=\"https:\/\/www.stowarzyszeniekanonistow.pl\/index.php\/zapora\/\">Read More &raquo;<\/a><\/span><\/p>\n","protected":false},"author":1,"featured_media":0,"parent":0,"menu_order":0,"comment_status":"closed","ping_status":"closed","template":"","meta":{"footnotes":""},"class_list":["post-67","page","type-page","status-publish","hentry"],"yoast_head":"<!-- This site is optimized with the Yoast SEO plugin v23.4 - https:\/\/yoast.com\/wordpress\/plugins\/seo\/ -->\n<title>Zapora ghostwriting - Stowarzyszenie Kanonist\u00f3w Polskich<\/title>\n<meta name=\"robots\" content=\"index, follow, max-snippet:-1, max-image-preview:large, max-video-preview:-1\" \/>\n<link rel=\"canonical\" href=\"https:\/\/www.stowarzyszeniekanonistow.pl\/index.php\/zapora\/\" \/>\n<meta property=\"og:locale\" content=\"pl_PL\" \/>\n<meta property=\"og:type\" content=\"article\" \/>\n<meta property=\"og:title\" content=\"Zapora ghostwriting - Stowarzyszenie Kanonist\u00f3w Polskich\" \/>\n<meta property=\"og:description\" content=\"Redakcja czasopisma \u201eBiuletyn Stowarzyszenia Kanonist\u00f3w Polskich\u201d, dbaj\u0105c o najwy\u017cszy stopie\u0144 rzetelno\u015bci naukowej czasopisma, realizuje zalecenia Ministerstwa Nauki i Szkolnictwa Wy\u017cszego dotycz\u0105ce ochrony przed \u201eghostwriting\u201d i \u201eguest authorship\u201d. Wytyczne Ministerstwa Nauki i Szkolnictwa Wy\u017cszego dotycz\u0105ce \u201eghostwriting\u201d i \u201eguest authorship\u201d Rzetelno\u015b\u0107 w nauce stanowi jeden z jej jako\u015bciowych fundament\u00f3w. Czytelnicy powinni mie\u0107 pewno\u015b\u0107, i\u017c autorzy publikacji w spos\u00f3b przejrzysty, rzetelny\u2026 Read More &raquo;\" \/>\n<meta property=\"og:url\" content=\"https:\/\/www.stowarzyszeniekanonistow.pl\/index.php\/zapora\/\" \/>\n<meta property=\"og:site_name\" content=\"Stowarzyszenie Kanonist\u00f3w Polskich\" \/>\n<meta property=\"article:modified_time\" content=\"2020-04-28T10:41:44+00:00\" \/>\n<meta name=\"twitter:card\" content=\"summary_large_image\" \/>\n<meta name=\"twitter:label1\" content=\"Szacowany czas czytania\" \/>\n\t<meta name=\"twitter:data1\" content=\"2 minuty\" \/>\n<script type=\"application\/ld+json\" class=\"yoast-schema-graph\">{\"@context\":\"https:\/\/schema.org\",\"@graph\":[{\"@type\":\"WebPage\",\"@id\":\"https:\/\/www.stowarzyszeniekanonistow.pl\/index.php\/zapora\/\",\"url\":\"https:\/\/www.stowarzyszeniekanonistow.pl\/index.php\/zapora\/\",\"name\":\"Zapora ghostwriting - Stowarzyszenie Kanonist\u00f3w Polskich\",\"isPartOf\":{\"@id\":\"https:\/\/www.stowarzyszeniekanonistow.pl\/#website\"},\"datePublished\":\"2020-04-21T22:13:55+00:00\",\"dateModified\":\"2020-04-28T10:41:44+00:00\",\"breadcrumb\":{\"@id\":\"https:\/\/www.stowarzyszeniekanonistow.pl\/index.php\/zapora\/#breadcrumb\"},\"inLanguage\":\"pl-PL\",\"potentialAction\":[{\"@type\":\"ReadAction\",\"target\":[\"https:\/\/www.stowarzyszeniekanonistow.pl\/index.php\/zapora\/\"]}]},{\"@type\":\"BreadcrumbList\",\"@id\":\"https:\/\/www.stowarzyszeniekanonistow.pl\/index.php\/zapora\/#breadcrumb\",\"itemListElement\":[{\"@type\":\"ListItem\",\"position\":1,\"name\":\"Strona g\u0142\u00f3wna\",\"item\":\"https:\/\/www.stowarzyszeniekanonistow.pl\/\"},{\"@type\":\"ListItem\",\"position\":2,\"name\":\"Zapora ghostwriting\"}]},{\"@type\":\"WebSite\",\"@id\":\"https:\/\/www.stowarzyszeniekanonistow.pl\/#website\",\"url\":\"https:\/\/www.stowarzyszeniekanonistow.pl\/\",\"name\":\"Stowarzyszenie Kanonist\u00f3w Polskich\",\"description\":\"\",\"publisher\":{\"@id\":\"https:\/\/www.stowarzyszeniekanonistow.pl\/#organization\"},\"potentialAction\":[{\"@type\":\"SearchAction\",\"target\":{\"@type\":\"EntryPoint\",\"urlTemplate\":\"https:\/\/www.stowarzyszeniekanonistow.pl\/?s={search_term_string}\"},\"query-input\":{\"@type\":\"PropertyValueSpecification\",\"valueRequired\":true,\"valueName\":\"search_term_string\"}}],\"inLanguage\":\"pl-PL\"},{\"@type\":\"Organization\",\"@id\":\"https:\/\/www.stowarzyszeniekanonistow.pl\/#organization\",\"name\":\"Stowarzyszenie Kanonist\u00f3w Polskich\",\"url\":\"https:\/\/www.stowarzyszeniekanonistow.pl\/\",\"logo\":{\"@type\":\"ImageObject\",\"inLanguage\":\"pl-PL\",\"@id\":\"https:\/\/www.stowarzyszeniekanonistow.pl\/#\/schema\/logo\/image\/\",\"url\":\"http:\/\/www.stowarzyszeniekanonistow.pl\/wp-content\/uploads\/2020\/04\/SKP_logo.gif\",\"contentUrl\":\"http:\/\/www.stowarzyszeniekanonistow.pl\/wp-content\/uploads\/2020\/04\/SKP_logo.gif\",\"width\":560,\"height\":548,\"caption\":\"Stowarzyszenie Kanonist\u00f3w Polskich\"},\"image\":{\"@id\":\"https:\/\/www.stowarzyszeniekanonistow.pl\/#\/schema\/logo\/image\/\"}}]}<\/script>\n<!-- \/ Yoast SEO plugin. -->","yoast_head_json":{"title":"Zapora ghostwriting - Stowarzyszenie Kanonist\u00f3w Polskich","robots":{"index":"index","follow":"follow","max-snippet":"max-snippet:-1","max-image-preview":"max-image-preview:large","max-video-preview":"max-video-preview:-1"},"canonical":"https:\/\/www.stowarzyszeniekanonistow.pl\/index.php\/zapora\/","og_locale":"pl_PL","og_type":"article","og_title":"Zapora ghostwriting - Stowarzyszenie Kanonist\u00f3w Polskich","og_description":"Redakcja czasopisma \u201eBiuletyn Stowarzyszenia Kanonist\u00f3w Polskich\u201d, dbaj\u0105c o najwy\u017cszy stopie\u0144 rzetelno\u015bci naukowej czasopisma, realizuje zalecenia Ministerstwa Nauki i Szkolnictwa Wy\u017cszego dotycz\u0105ce ochrony przed \u201eghostwriting\u201d i \u201eguest authorship\u201d. Wytyczne Ministerstwa Nauki i Szkolnictwa Wy\u017cszego dotycz\u0105ce \u201eghostwriting\u201d i \u201eguest authorship\u201d Rzetelno\u015b\u0107 w nauce stanowi jeden z jej jako\u015bciowych fundament\u00f3w. Czytelnicy powinni mie\u0107 pewno\u015b\u0107, i\u017c autorzy publikacji w spos\u00f3b przejrzysty, rzetelny\u2026 Read More &raquo;","og_url":"https:\/\/www.stowarzyszeniekanonistow.pl\/index.php\/zapora\/","og_site_name":"Stowarzyszenie Kanonist\u00f3w Polskich","article_modified_time":"2020-04-28T10:41:44+00:00","twitter_card":"summary_large_image","twitter_misc":{"Szacowany czas czytania":"2 minuty"},"schema":{"@context":"https:\/\/schema.org","@graph":[{"@type":"WebPage","@id":"https:\/\/www.stowarzyszeniekanonistow.pl\/index.php\/zapora\/","url":"https:\/\/www.stowarzyszeniekanonistow.pl\/index.php\/zapora\/","name":"Zapora ghostwriting - Stowarzyszenie Kanonist\u00f3w Polskich","isPartOf":{"@id":"https:\/\/www.stowarzyszeniekanonistow.pl\/#website"},"datePublished":"2020-04-21T22:13:55+00:00","dateModified":"2020-04-28T10:41:44+00:00","breadcrumb":{"@id":"https:\/\/www.stowarzyszeniekanonistow.pl\/index.php\/zapora\/#breadcrumb"},"inLanguage":"pl-PL","potentialAction":[{"@type":"ReadAction","target":["https:\/\/www.stowarzyszeniekanonistow.pl\/index.php\/zapora\/"]}]},{"@type":"BreadcrumbList","@id":"https:\/\/www.stowarzyszeniekanonistow.pl\/index.php\/zapora\/#breadcrumb","itemListElement":[{"@type":"ListItem","position":1,"name":"Strona g\u0142\u00f3wna","item":"https:\/\/www.stowarzyszeniekanonistow.pl\/"},{"@type":"ListItem","position":2,"name":"Zapora ghostwriting"}]},{"@type":"WebSite","@id":"https:\/\/www.stowarzyszeniekanonistow.pl\/#website","url":"https:\/\/www.stowarzyszeniekanonistow.pl\/","name":"Stowarzyszenie Kanonist\u00f3w Polskich","description":"","publisher":{"@id":"https:\/\/www.stowarzyszeniekanonistow.pl\/#organization"},"potentialAction":[{"@type":"SearchAction","target":{"@type":"EntryPoint","urlTemplate":"https:\/\/www.stowarzyszeniekanonistow.pl\/?s={search_term_string}"},"query-input":{"@type":"PropertyValueSpecification","valueRequired":true,"valueName":"search_term_string"}}],"inLanguage":"pl-PL"},{"@type":"Organization","@id":"https:\/\/www.stowarzyszeniekanonistow.pl\/#organization","name":"Stowarzyszenie Kanonist\u00f3w Polskich","url":"https:\/\/www.stowarzyszeniekanonistow.pl\/","logo":{"@type":"ImageObject","inLanguage":"pl-PL","@id":"https:\/\/www.stowarzyszeniekanonistow.pl\/#\/schema\/logo\/image\/","url":"http:\/\/www.stowarzyszeniekanonistow.pl\/wp-content\/uploads\/2020\/04\/SKP_logo.gif","contentUrl":"http:\/\/www.stowarzyszeniekanonistow.pl\/wp-content\/uploads\/2020\/04\/SKP_logo.gif","width":560,"height":548,"caption":"Stowarzyszenie Kanonist\u00f3w Polskich"},"image":{"@id":"https:\/\/www.stowarzyszeniekanonistow.pl\/#\/schema\/logo\/image\/"}}]}},"_links":{"self":[{"href":"https:\/\/www.stowarzyszeniekanonistow.pl\/index.php\/wp-json\/wp\/v2\/pages\/67"}],"collection":[{"href":"https:\/\/www.stowarzyszeniekanonistow.pl\/index.php\/wp-json\/wp\/v2\/pages"}],"about":[{"href":"https:\/\/www.stowarzyszeniekanonistow.pl\/index.php\/wp-json\/wp\/v2\/types\/page"}],"author":[{"embeddable":true,"href":"https:\/\/www.stowarzyszeniekanonistow.pl\/index.php\/wp-json\/wp\/v2\/users\/1"}],"replies":[{"embeddable":true,"href":"https:\/\/www.stowarzyszeniekanonistow.pl\/index.php\/wp-json\/wp\/v2\/comments?post=67"}],"version-history":[{"count":9,"href":"https:\/\/www.stowarzyszeniekanonistow.pl\/index.php\/wp-json\/wp\/v2\/pages\/67\/revisions"}],"predecessor-version":[{"id":347,"href":"https:\/\/www.stowarzyszeniekanonistow.pl\/index.php\/wp-json\/wp\/v2\/pages\/67\/revisions\/347"}],"wp:attachment":[{"href":"https:\/\/www.stowarzyszeniekanonistow.pl\/index.php\/wp-json\/wp\/v2\/media?parent=67"}],"curies":[{"name":"wp","href":"https:\/\/api.w.org\/{rel}","templated":true}]}}